s of 61944832?
2, 60493
What are the prime factors of 2357339794?
2, 1178669897
What are the prime factors of 115506786?
2, 3, 1109, 17359
List the prime factors of 40852268.
2, 83, 123049
What are the prime factors of 67695313?
7, 1381537
What are the prime factors of 1026462494?
2, 61, 83, 167, 607
What are the prime factors of 930306000?
2, 3, 5, 13, 11927
What are the prime factors of 57460767?
3, 7, 13, 109, 1931
List the prime factors of 340643431.
163, 1031, 2027
List the prime factors of 425731085.
5, 13, 17, 41, 9397
What are the prime factors of 14771315?
5, 13, 227251
What are the prime factors of 215252429?
7, 30750347
What are the prime factors of 18212286?
2, 3, 3035381
List the prime factors of 399547834.
2, 7, 73, 167, 2341
List the prime factors of 91374042.
2, 3, 15229007
What are the prime factors of 95551355?
5, 19110271
What are the prime factors of 1562965760?
2, 5, 53, 23039
List the prime factors of 12275857.
11, 1115987
What are the prime factors of 1443303032?
2, 89, 2027111
What are the prime factors of 2111215?
5, 422243
What are the prime factors of 1719392773?
7, 31, 7923469
What are the prime factors of 819954060?
2, 3, 5, 347, 39383
List the prime factors of 2170330178.
2, 53, 127, 263, 613
What are the prime factors of 48249006?
2, 3, 13, 618577
List the prime factors of 4039014949.
4039014949
List the prime factors of 3246312996.
2, 3, 17, 373, 14221
What are the prime factors of 3111646024?
2, 73, 5328161
What are the prime factors of 1034968551?
3, 17, 19, 37, 28867
What are the prime factors of 739011730?
2, 5, 37, 127, 15727
List the prime factors of 525156747.
3, 61, 643, 4463
List the prime factors of 24440549.
7, 401, 8707
List the prime factors of 9532793.
29, 113, 2909
What are the prime factors of 5857745250?
2, 3, 5, 7, 17, 65633
What are the prime factors of 1431893137?
179, 7999403
List the prime factors of 2057822186.
2, 7, 146987299
List the prime factors of 52113018.
2, 3, 167, 52009
List the prime factors of 40895955.
3, 5, 23, 13171
What are the prime factors of 102370042?
2, 47, 83, 13121
List the prime factors of 191572983.
3, 7, 17, 178873
What are the prime factors of 587587497?
3, 7, 27980357
What are the prime factors of 52642449?
3, 43, 136027
What are the prime factors of 1975351802?
2, 43, 22969207
List the prime factors of 20221700.
2, 5, 19, 29, 367
List the prime factors of 5307708106.
2, 157, 16903529
What are the prime factors of 430531502?
2, 151, 1425601
List the prime factors of 811887326.
2, 17, 23879039
List the prime factors of 226240155.
3, 5, 61, 83, 331
What are the prime factors of 6079075705?
5, 1215815141
List the prime factors of 292909621.
307, 954103
What are the prime factors of 48480451?
48480451
What are the prime factors of 35397232?
2, 13, 170179
List the prime factors of 2084959.
127, 16417
What are the prime factors of 444144430?
2, 5, 44414443
List the prime factors of 1734327109.
53, 32723153
What are the prime factors of 148733838?
2, 3, 11, 751181
List the prime factors of 306937111.
13, 41, 575867
List the prime factors of 114938404.
2, 7, 97, 101, 419
What are the prime factors of 248153307?
3, 61, 71, 269
List the prime factors of 2072746419.
3, 53, 307, 42463
What are the prime factors of 66637555?
5, 23, 37, 15661
List the prime factors of 157678599.
3, 13, 691, 5851
List the prime factors of 1279834241.
7, 23, 43, 223, 829
List the prime factors of 505468515.
3, 5, 3089, 10909
List the prime factors of 102800376.
2, 3, 7, 203969
What are the prime factors of 420759049?
1699, 247651
List the prime factors of 41807989.
257, 162677
What are the prime factors of 12936964?
2, 3234241
What are the prime factors of 17109474?
2, 3, 853, 3343
List the prime factors of 3535105537.
59, 193, 283, 1097
What are the prime factors of 3456174299?
499, 2153, 3217
List the prime factors of 321268698.
2, 3, 17848261
What are the prime factors of 59854809?
3, 7, 23, 123923
What are the prime factors of 2068896311?
17, 121699783
What are the prime factors of 31812590?
2, 5, 3181259
What are the prime factors of 1829459779?
7, 5081, 51437
List the prime factors of 64146901.
7, 13, 131, 5381
List the prime factors of 1054016791.
23, 883, 51899
List the prime factors of 7857336699.
3, 873037411
List the prime factors of 1177612950.
2, 3, 5, 17, 523, 883
What are the prime factors of 260297368?
2, 37, 809, 1087
List the prime factors of 1662497921.
7, 33928529
List the prime factors of 1008910097.
13, 31, 2503499
List the prime factors of 728296421.
728296421
What are the prime factors of 332144668?
2, 2683, 30949
What are the prime factors of 7102564373?
59, 3823, 31489
List the prime factors of 6363466297.
6363466297
List the prime factors of 710377845.
3, 5, 43, 947, 1163
List the prime factors of 5235441119.
5231, 1000849
What are the prime factors of 31303568?
2, 73, 26801
What are the prime factors of 710997593?
89, 1093, 7309
What are the prime factors of 803535962?
2, 137, 227, 12919
List the prime factors of 1424029110.
2, 3, 5, 7, 6781091
What are the prime factors of 4449293?
97, 45869
List the prime factors of 1381299398.
2, 269, 2567471
What are the prime factors of 335889066?
2, 3, 6079, 9209
List the prime factors of 34975338.
2, 3, 5829223
List the prime factors of 77080341.
3, 13, 1976419
List the prime factors of 1991250144.
2, 3, 13, 97, 5483
List the prime factors of 70855586.
2, 71, 127, 3929
What are the prime factors of 52949452?
2, 101, 131063
What are the prime factors of 74583384?
2, 3, 433, 7177
What are the prime factors of 203614815?
3, 5, 41, 331081
List the prime factors of 115788912.
2, 3, 293, 8233
List the prime factors of 77561955.
3, 5, 41, 173
What are the prime factors of 25726500?
2, 3, 5, 5717
What are the prime factors of 55712685?
3, 5, 7, 530597
What are the prime factors of 27528541?
27528541
What are the prime factors of 188258217?
3, 7, 8964677
List the prime factors of 39505831.
39505831
What are the prime factors of 940365038?
2, 71, 463, 14303
List the prime factors of 157359646.
2, 1787, 44029
What are the prime factors of 199011023?
199011023
What are the prime factors of 55472905?
5, 11094581
List the prime factors of 24894903.
3, 11, 68581
What are the prime factors of 134557980?
2, 3, 5, 31, 73, 991
List the prime factors of 68668082.
2, 7, 101, 48563
List the prime factors of 135424214.
2, 353, 433, 443
What are the prime factors of 1697760038?
2, 13, 47, 1389329
What are the prime factors of 27260725?
5, 19, 29, 1979
What are the prime factors of 181485068?
2, 197, 230311
What are the prime factors of 74231733?
3, 24743911
List the prime factors of 2034503995.
5, 523, 778013
What are the prime factors of 2865129954?
2, 3, 83, 5753273
List the prime factors of 20972353.
20972353
What are the prime factors of 6153546453?
3, 29, 311, 467, 487
List the prime factors of 2735980119.
3, 17, 863, 6907
List the prime factors of 8491243846.
2, 1979, 2145337
What are the prime factors of 71348316?
2, 3, 13, 601, 761
What are the prime factors of 263783917?
17, 307, 50543
List the prime factors of 67087974.
2, 3, 19, 109, 5399
List the prime factors of 1992522.
2, 3, 7, 47441
What are the prime factors of 2390640418?
2, 1195320209
List the prime factors of 687385779.
3, 53, 401, 10781
What are the prime factors of 109282823?
13, 43, 195497
List the prime factors of 6820479020.
2, 5, 19, 17948629
What are the prime factors of 1416910?
2, 5, 11, 1171
What are the prime factors of 329279536?
2, 20579971
List the prime factors of 7699639.
7699639
What are the prime factors of 92173467?
3, 43, 409, 1747
List the prime factors of 253130425.
5, 17, 487, 1223
List the prime factors of 339512082.
2, 3, 7, 13, 211, 421
List the prime factors of 217390199.
13, 1291, 12953
What are the prime factors of 1399645425?
3, 5, 73, 151, 1693
What are the prime factors of 4802822587?
3251, 1477337
What are the prime factors of 63971360?
2, 5, 73, 5477
What are the prime factors of 345113141?
17, 43, 472111
What are the prime factors of 102125807?
7, 359, 40639
List the prime factors of 254813776.
2, 7, 173, 13151
List the prime factors of 251603092.
2, 13, 19, 254659
What are the prime factors of 183364454?
2, 7, 13, 1007497
List the prime fact